+ 54 = -63. Is q prime?
False
Let y(l) = -3*l**3 + 2*l**2 - 2*l - 1. Is y(-2) a prime number?
False
Let k(u) = -u**2 - 12*u - 15. Let i be k(-10). Let x = 11 - i. Suppose x*y = y + 95. Is y prime?
True
Let y = 9 - -13. Suppose 0 = 4*d + c + 21, 2*d = 5*d + 2*c + y. Let u(n) = -2*n - 1. Is u(d) a prime number?
True
Let y(a) = -4*a**2 - 5*a + 3. Let w be y(-7). Let g = -100 - w. Suppose 5*k - g = 12. Is k prime?
False
Let r(c) be the first derivative of 1 - 6*c + 5/2*c**2. Is r(5) prime?
True
Let v(i) be the second derivative of -16*i**3/3 - i**2/2 - i. Is v(-1) composite?
False
Let k(q) = 3 + 8*q**2 - q**3 - 12*q + 8*q**2 - 5*q**2. Is k(9) a composite number?
True
Let u be -5*(8/(-10) + 0). Let g = 303 + -58. Suppose k + u*k - g = 0. Is k composite?
True
Suppose 11 + 1 = 4*j. Suppose 9*y = 13*y - 72. Let s = y - j. Is s a composite number?
True
Let w = 355 + 12. Suppose -w = -5*g + 103. Is g a prime number?
False
Let s be ((-2)/(-5))/(2/10). Suppose 2*b + 115 = 3*u - 9, -s*u - 5*b = -70. Suppose -2*f - 2 = -u. Is f a prime number?
True
Suppose 2*q - 4 = -0. Suppose 3*b = q*b + 145. Is (b - 0)*(-6)/(-15) prime?
False
Suppose -2*m + k + 221 = 0, -4*k = 5*m - 2*k - 530. Let a = m + -62. Is a a prime number?
False
Suppose -5*k = -3*k - 56. Is (74 - 1) + k/(-7) composite?
True
Let l(o) = -2*o - 5 - 3*o + 6 + o**2. Is l(-4) composite?
False
Let n be (15/(-9))/((-1)/3). Let f(t) = 2*t**2 - t + 4. Is f(n) composite?
True
Let x = -44 - -85. Let n = -4 + x. Is n prime?
True
Let q be 3/(-18) - (-13196)/(-24). Let x = 1131 + q. Is x a prime number?
False
Let i be 1/(-4) + 41/4. Suppose 2*h + 0*h = -14. Let m = h + i. Is m a composite number?
False
Let r(a) = a**3 + 3*a**2 - 6*a - 5. Let i be r(-4). Suppose -p = -i*p + 198. Suppose 2*b - p = -b. Is b a prime number?
False
Let i = -3 - -30. Let v = 15 - 11. Suppose 0 = -q + v*q - i. Is q composite?
True
Suppose -2*p + 0*r + 2*r = -10, 0 = p - 5*r - 9. Let a be p + -2 - (1 - -1). Suppose a*d = -d + 22. Is d a composite number?
True
Suppose -50 + 10 = -4*l. Suppose 4*t = 8*t + 5*u - 6, t - l = 3*u. Suppose t*n = 305 + 51. Is n a prime number?
True
Suppose 2*t + 4*t = 3018. Is t a composite number?
False
Let b = 3 + -3. Suppose 2 = a - b. Suppose 0 = y - a*c - 19, -2*y - c + 6*c + 40 = 0. Is y a prime number?
False
Suppose -h + 5*i = -0*h - 624, -5*h - 2*i = -3066. Is h a composite number?
True
Suppose 0 = -p - 5*m - 15 + 1, 0 = 2*m + 6. Let x be p + 3/(-9)*-3. Suppose 0*q + 2*o = x*q - 76, 0 = 2*o + 6. Is q a composite number?
True
Let q be 2*(1 + 135/(-6)). Let r be (-5 + 1)*q - 1. Suppose 2*p - 3*v = 43, 5*p = v + r - 57. Is p prime?
True
Suppose -r = -4*z + 64, 2*r + 3 = -2*z - 105. Let f = -23 - r. Suppose 0 = -2*g + 11 + f. Is g a prime number?
False
Let z = -3 + 7. Suppose 2*u = 3*u - z. Is 1/2 + 146/u a composite number?
False
Let t be -23 + -4*3/(-6). Let y be (-35)/t + 2/6. Let v = y + 5. Is v composite?
False
Let q(x) be the second derivative of 0*x**4 - x**2 + 0 - 2/3*x**3 - 3/20*x**5 + 4*x. Is q(-3) a prime number?
False
Let c(s) = s**3 - 14*s**2 - 6*s + 23. Is c(18) a composite number?
True
Let t be (-1 + 0)*1*-3. Let w be 112/3*(0 + 3). Suppose t*j + 2*j = -q + w, -3*q + 246 = -3*j. Is q composite?
True
Let o(i) = 2*i**2 - 6*i - 13. Is o(-9) a prime number?
False
Let n(m) = 9*m + 1. Let j(l) = 1. Let b(w) = -5*j(w) - n(w). Let o(c) = c**3 - 6*c**2 - c + 1. Let r be o(6). Is b(r) a prime number?
False
Let y(w) be the first derivative of -w**6/40 + w**5/60 - w**3/6 + w**2 - 1. Let i(a) be the second derivative of y(a). Is i(-1) prime?
True
Suppose s + l = 2*l + 96, -4*s - l + 374 = 0. Let j = -67 + s. Let a = -16 + j. Is a composite?
False
Suppose 294 = -19*h + 16*h. Let c = -257 - 136. Let b = h - c. Is b a composite number?
True
Let a(k) = k**2 - 14*k - 5. Let q(b) = -b**2 + 15*b + 4. Let t(o) = -6*a(o) - 5*q(o). Let n be t(10). Suppose 0 = -n*z - 5*z + 195. Is z a prime number?
False
Let j = 24 - 184. Let r = j + 275. Is r a prime number?
False
Suppose 4*d + 4 = 4*h, 5*d + 0*h + 29 = -3*h. Let k be 2 + d + 2 + 12. Is 544/10 + k/20 prime?
False
Suppose 0 = -2*w + 13*w - 2299. Is w a composite number?
True
Let i(s) = -s + 11. Is i(-4) a prime number?
False
Let v(j) = -j**3 + 9*j**2 - 9*j + 5. Let s be v(8). Let m = -5 - s. Is 20 - ((0 - m) + -1) composite?
False
Suppose -3*w = -4*w, 0 = 3*i + 4*w - 42. Suppose 3*b + 1 = -i. Is (-243)/b - 2/(-5) a prime number?
False
Let o(w) = -w**3 - 8*w**2 - 5*w + 9. Is o(-8) a prime number?
False
Is 1*151*7 + 21 + -23 a prime number?
False
Let h be (-265)/20 + 1/4. Let f = -4 - h. Suppose -5*g = -194 + f. Is g a composite number?
False
Let z(r) = -r**2 + 4*r + 2. Let d be z(5). Let v = d + 5. Suppose -2*s + 30 = v. Is s prime?
False
Suppose 0 = 4*b - 0*b. Let o = -2 - b. Is 278/8 + o/(-8) prime?
False
Let y be 8/6*9/(-2). Let b be (y/(-7))/(1/7). Is 291/b*(1 - -1) a composite number?
False
Let w(z) = z**2 - 11*z - 10. Let b be w(10). Let v be (-45)/b*2*8. Let x = v + -22. Is x a prime number?
False
Let l(h) = 2*h**2 - 8*h - 6. Let b(c) = 2*c**2 - 7*c - 6. Let k(p) = -4*b(p) + 5*l(p). Is k(10) a prime number?
False
Let q be (-1)/(-4) - (-675)/20. Suppose m - q = 5. Is m a prime number?
False
Suppose 8*x - 3*x = 4*u + 399, 0 = -u - 5*x - 106. Let n = -56 - u. Is (n/12)/(1/4) composite?
True
Is 53011/105 - (-4)/30 a prime number?
False
Suppose -13*z + 1776 = 3*z. Is z a prime number?
False
Let u(i) = 326*i**3 - i**2 + 0*i**2 - 1 - 33*i**3 + 2*i**2. Is u(1) a prime number?
True
Let s(k) = -33*k**2 + 5*k + 4. Let j(w) be the first derivative of 11*w**3 - 2*w**2 - 3*w + 3. Let y(q) = 3*j(q) + 2*s(q). Is y(2) a composite number?
False
Suppose 5*n - 26519 = 20436. Is n a composite number?
False
Let r be (-3)/(-21) - 228/(-21). Let q(g) = 118*g + 3. Let s(p) = -589*p - 16. Let a(h) = r*q(h) + 2*s(h). Is a(1) a prime number?
False
Is (442 - -3) + (-2)/(-1) a composite number?
True
Let w(t) = -t**2 + 7*t - 6. Let l be w(5). Suppose 0 = l*v - 2*v. Suppose v = 3*g - 0*g - 99. Is g prime?
False
Suppose -3*a = -2*a + 241. Let w = a - -386. Is w composite?
True
Suppose 0 = -3*q + 468 + 303. Is q composite?
False
Is (-3974)/(-6)*9/3 a composite number?
False
Suppose -5*f = 115 - 405. Is f a composite number?
True
Is (-16)/104 - 27100/(-52) composite?
False
Is (3 - -741) + (-4 - 1) a prime number?
True
Let l(j) = 4*j - 2 + 6 + j**3 + 3*j**2 - j**2 - 2*j**3. Let g(m) = 2*m**3 - 4*m**2 - 8*m - 8. Let k(z) = -6*g(z) - 11*l(z). Is k(-3) composite?
False
Let c(z) = 210*z**3 - 2*z + 3. Is c(1) prime?
True
Let w be ((-12)/(-9))/((-2)/6). Let j(k) = k**3 + 6*k**2 + 7*k. Let q be j(-5). Is 1*q*6/w composite?
True
Suppose 1374 = x - 5*q, -5*x + 1676 = -5*q - 5294. Is x a composite number?
False
Let f(v) = 2*v**3 - v**2 + 2*v + 2. Let l be ((-12)/20)/(1/(-5)). Suppose -2*a = 2*a - 12, l*a = t + 6. Is f(t) prime?
True
Let k = -11 + 12. Is (-4257)/(-72) - k/8 composite?
False
Let i = -11 - -102. Is i composite?
True
Suppose -4*u + 2*n = -1524, 3*u - 344 = -2*n + 806. Is u composite?
True
Let f = -66 - -607. Is f a prime number?
True
Suppose -11*w + 3*w = -9304. Is w composite?
False
Suppose 5*d + 267 = 8*d. Is d prime?
True
Let j(p) = -2*p**3 - 2*p - 1. Let i be (12/(-10))/((-6)/40). Suppose 3*x - 2*o = -i, 2 + 2 = -x + 2*o. Is j(x) a composite number?
False
Suppose -4*v = 1 + 11, 2*v - 6239 = -o. Is o a prime number?
False
Let n(v) = -v**3 - 2*v**2 + 3*v. Let w be n(-3). Suppose -5*q + 4*b + 478 = w, -3*q = -0*q - 2*b - 286. Let z = q + -59. Is z prime?
False
Suppose -3*s = 2*k + k - 1176, -2*k = -3*s + 1201. Is s a prime number?
True
Suppose -5*u = -2*r - r - 719, 148 = u - 2*r. Is u prime?
False
Let w = 8 + 51. Is w composite?
False
Let y = 13 - 10. Suppose -2*j + d = -299, 4*j + d - 148 = y*j. Is j a prime number?
True
Suppose -z + 3 + 3 = 0. Let y be (-3)/z - (-18)/4. Is y/6*114/4 prime?
True
Suppose -3*y = -6*y + 186. Suppose 0 = 3*j + 5*p - y, 2*p - 74 = -5*j + p. Is j prime?
False
Let z be (1/4)/((-7)/(-140)). Suppose -206 = -4*i - 2*k, 5*i - k + z*k = 259. Is i composite?
True
Let f = 127 - 77. Let x = f + 31. Suppose -z + 218 = 3*u, z + u - 127 - x = 0. Is z prime?
False
Let s = -8 - -75. Is s a composite number?
False
Let h(f) = 12*f - 7. Let b(p) = 5*p. Let k be 10/(-15) + (